ose -122 = -v*o + 62. List the prime factors of o.
23
Let r = -74 + 73. What are the prime factors of 154 - -2 - (r - 1 - -6)?
2, 19
Suppose 12*l = -1 + 73. Let c(f) = -f**2 + 4*f - 2. Let d be c(4). Let n = d + l. What are the prime factors of n?
2
Let a be -2*(28/(-8) + 2). Let x = a - 0. What are the prime factors of (45/3 + 2)*x?
3, 17
Let l(g) = -6*g**2 - 10*g**2 + 14*g**2 - 6 - 12*g. Let h be l(-5). List the prime factors of 2 - (-132)/h - 2.
3, 11
Let h(p) = p**2 - 3*p + 13. Let s be h(0). Suppose s*j - 763 + 204 = 0. What are the prime factors of j?
43
Let o(p) = p**3 - 8*p**2 - 8*p + 16. What are the prime factors of o(13)?
757
Suppose 5*b + x = 61, -5*x - 7 = -b - 0*x. Suppose -728 = -b*d - d. List the prime factors of d.
2, 7
Suppose -26 = 3*s - 5. Let v = -12 - s. What are the prime factors of 2/10 - 74/v?
3, 5
Suppose -5*f + 6*z = 2*z - 20, 4*z + 20 = -2*f. Suppose -5*m + 8*m - 150 = f. List the prime factors of m.
2, 5
Let z(u) = -26*u - 163. List the prime factors of z(-42).
929
Let f = -66 - -63. List the prime factors of 18 - (f - (-4 - -3)).
2, 5
Suppose -2*c + 10 = g, -3*c - 2 = -g + 8. Suppose -88 = -o - 3*l - 24, g = 5*l. Let k = 106 - o. List the prime factors of k.
2, 3
What are the prime factors of 3 + -7 - (2 + 4 - 276)?
2, 7, 19
Let c(u) = u**3 - u**2 + 13*u - 5. Let z be c(5). Suppose 4*a - 3*m = 193 + z, -4*m = 12. List the prime factors of a.
2, 43
List the prime factors of -5 - (-1)/(4/(-6))*-344.
7, 73
Let r(d) = -d**3 - 11*d**2 + 13*d + 17. Let i be r(-12). Suppose 0 = n + 3*n + 2*q - 10, -q = i*n - 14. List the prime factors of n.
3
What are the prime factors of (-8694)/315*1/(-3)*40?
2, 23
Suppose 91*b - 93*b + 2495 = s, 0 = 3*b - 2*s - 3760. List the prime factors of b.
2, 5
Suppose v - 3*v - 8 = 2*m, 2*m + 8 = -3*v. Suppose v = 4*b - 102 - 18. List the prime factors of b.
2, 3, 5
Let z(h) = h - 6. Let t be z(8). Suppose -2 = -n, -t*v + 3*n = -47 - 135. What are the prime factors of v?
2, 47
Suppose 53 = u - 5*d, d + 2*d + 212 = 4*u. Suppose -y - 214 = -3*n, 0 = -2*n + 3*n - 4*y - u. List the prime factors of n.
73
Suppose 3*n - 65 = -5. Suppose -4*c = -9*c - 10. List the prime factors of c/8 - (-265)/n.
13
Suppose 2*c - 59 = 5*r + 645, 2*c + r = 728. Let s = -236 + c. List the prime factors of s.
2, 3, 7
Let k(w) = -w**2 + 67*w + 10. What are the prime factors of k(23)?
2, 7, 73
Let h = 300 - 203. Let x = h + -27. List the prime factors of x.
2, 5, 7
Let b = 75 + 643. What are the prime factors of b?
2, 359
Suppose 0 = 3*j + 1 - 4. Suppose -2*f - 2 = 0, -f - j = -4*r + 8. Suppose r*w - 3*i - 19 = 0, -36 = 3*w - 6*w + 3*i. What are the prime factors of w?
17
Let h(d) = d**2 - 4*d + 4. Let k be h(3). Let g be k - (3 - (1 + 3)). List the prime factors of (g/2)/(6/66).
11
Let y = 107 - 78. What are the prime factors of y?
29
Suppose -5*f = -13 + 3. Let i = 2 + f. Suppose -i*b + 142 = -26. List the prime factors of b.
2, 3, 7
Let t(o) = o**2 + 3*o - 2. Let y be t(3). Suppose -4*v + 3*v - y = 0. Let n = 13 - v. List the prime factors of n.
29
Suppose 0 = -c - 2 + 3. List the prime factors of 34 - (4 + -3 - c).
2, 17
Suppose 0 = 8*d - 6*d - 22. Suppose -6*s - d = -245. Suppose -2*f + 20 = 4*z, -5*z + 2*f - f = -s. List the prime factors of z.
7
Suppose -4*v - 19 = -7. Let c be ((-6)/4)/v*102. Let s = -29 + c. List the prime factors of s.
2, 11
Let u = 6695 + -4155. List the prime factors of u.
2, 5, 127
Suppose -6 = n - 4*n. Suppose 0 = n*r + r + 27. Let d = 12 - r. List the prime factors of d.
3, 7
Suppose -155*u + 147*u = -512. List the prime factors of u.
2
Let w(u) = 105*u**2 + 2*u + 1. List the prime factors of w(-3).
2, 5, 47
Suppose 9*c - 5*c - 32 = 0. Let l(o) = -3*o**3 + 7*o**2 + 4 - c*o**2 + 4*o**3 - 5*o. List the prime factors of l(4).
2
Let u = -414 - -2581. List the prime factors of u.
11, 197
Let i(k) be the first derivative of -k**4/4 + 8*k**3/3 + 9*k**2/2 + 11*k - 7. List the prime factors of i(9).
11
Let h = -39 + 172. Suppose -s - 40 = -h. List the prime factors of s.
3, 31
Let h(v) be the first derivative of 205*v**3/3 + 3*v**2/2 - 3*v - 14. List the prime factors of h(1).
5, 41
Suppose -3*k + 14 = -4*y, 0*y = 4*y + 20. Let m be (-3)/(1*k/6). List the prime factors of (5 - m)*45/(-6).
2, 3, 5
Let s be (2 - -2)*35/28. Let o be 8 + (-2)/4*6. Suppose a - 46 = o*q, -134 = -s*a + 4*q + 75. What are the prime factors of a?
41
Let v = 12 - 4. Let n be (-12)/v*-2 - 3. Suppose n*l + 7*l - 308 = 0. List the prime factors of l.
2, 11
Suppose 11 + 3 = -c. Let n be c/4 + (-3)/6. What are the prime factors of 19/2 + n/8?
3
Let d be 0 - (-562 - (1 + 3)). Suppose 154 = 10*a - d. What are the prime factors of a?
2, 3
Suppose -3 = -3*b - 0. Suppose 6 = -7*c - b. Let l = 69 + c. What are the prime factors of l?
2, 17
List the prime factors of (-731)/(-4) - 1/16*-4.
3, 61
Suppose 1 = 5*t - 9. What are the prime factors of 20/(-15)*(-162)/t?
2, 3
Let y(x) = 3*x**2 + 12*x + 10. Let u = -25 + 17. List the prime factors of y(u).
2, 53
Let h(f) be the second derivative of f**5/20 + 7*f**4/12 - 4*f**3/3 + 3*f**2/2 + f. Let i be h(-8). What are the prime factors of (0 - -2)/(i/15)?
2, 5
Let h be (-48)/(-5*2/(-10)). Let u = 83 + h. What are the prime factors of u?
5, 7
Let j be 21/(-1) + (-2)/2. Let t = 451 - 460. Let x = t - j. List the prime factors of x.
13
Let j(l) = l**3 - 3*l**2 - 5*l + 2. Let q = -2 - -6. Let p be j(q). Let g = p - -8. List the prime factors of g.
2, 3
Suppose 28*j = 18957 + 20299. List the prime factors of j.
2, 701
Let y = 7335 - 5053. What are the prime factors of y?
2, 7, 163
Suppose 2*p = 5*h - 2250 + 860, 2*p - 556 = -2*h. What are the prime factors of h?
2, 139
What are the prime factors of (195/(-20) - -3)/(12/(-1120))?
2, 3, 5, 7
Let x(j) = -j**2 - 4*j + 2. Let q be x(-4). Suppose 0 = 2*t - 2*b - 134, t = -0*b - b + 57. Suppose -t = -q*i - 0*i. List the prime factors of i.
31
Suppose 44 + 36 = 5*h. Suppose 0 = -p - k - 5 + h, -2*p = -2*k - 38. Suppose -x - p = -60. What are the prime factors of x?
3, 5
Let j(o) = -2*o - 37. Let p be j(-18). What are the prime factors of (p/(-1))/(4*5/940)?
47
Let m = 33 + -26. Suppose -4*s + 2 + m = q, 3*s - 18 = -3*q. List the prime factors of ((-9)/(-27))/(s/45).
3, 5
Let z be (-16)/(-48) + (-8)/6. Let w be 2/(3/(5 - z)). Suppose b = -w*b + 95. What are the prime factors of b?
19
Suppose 41*a = 38*a + 987. What are the prime factors of a?
7, 47
Suppose -1748*s + 1745*s = -501. What are the prime factors of s?
167
Let m = 611 + -191. Suppose 2*c - m = -8*c. What are the prime factors of c?
2, 3, 7
Suppose -3*s + 2*s = 7. Suppose 0*d = 7*d - 154. Let i = d + s. List the prime factors of i.
3, 5
Let k(x) = x**2 + 22*x - 89. What are the prime factors of k(12)?
11, 29
Let x = -205 + 460. What are the prime factors of x?
3, 5, 17
Let i be (-1 - -2)/(5/(-30)). Let a be (-2)/2*(1 + i). Suppose 2*p + 2*p = a*q - 172, 4*p = -3*q + 84. What are the prime factors of q?
2
Let r(t) be the third derivative of -t**6/120 - 2*t**5/15 - t**4/8 - 3*t**3/2 - 18*t**2. List the prime factors of r(-9).
3, 11
Suppose 3*y - 6*y = 159. Let t = y + 119. Suppose -6*k + 9*k - t = 0. List the prime factors of k.
2, 11
Let f(h) = -23*h**2 + 5*h + 6. Let g be f(-1). Let t = g + 29. List the prime factors of t.
7
Let v = -75 - -72. List the prime factors of (-3)/(v + 1302/436).
2, 109
Let c(q) be the first derivative of -3*q**4/2 - q**3/3 + 3*q**2/2 + 3*q - 3. What are the prime factors of c(-2)?
41
Let q = 9 - 9. Suppose -2*s - 45 + 1 = q. Let i = s + 33. What are the prime factors of i?
11
Let l(d) = 4*d**2 + 3*d - 15. Let q be l(7). Suppose -12*k + 2990 = -q. List the prime factors of k.
2, 7, 19
Suppose 0 = 5*v - 2*o - 2072, v + 436 = 2*v + 5*o. List the prime factors of v.
2, 13
Let b = -14 + 21. Let t = b + -4. Suppose -4*p - 2*a + 115 = t*a, 4*p - 124 = 4*a. List the prime factors of p.
2, 3, 5
Suppose 180 = -5*s + s. Let b = s + 122. What are the prime factors of b?
7, 11
Let j(a) = 3*a**2 - 7*a - 11. Let s be j(6). Suppose -64 = -n + s. List the prime factors of n.
7, 17
Let b(z) = 6*z**2 + 3*z + 7. Let y be (-14)/49 + 76/(-28). List the prime factors of b(y).
2, 13
Let k(z) = 2*z**2 - 19*z + 10. Suppose -p = -x + 19, -3*x - 11 + 64 = -p. List the prime factors of k(x).
5, 5